380?
3
What is the units digit of 48340457?
7
What is the millions digit of 3712735120?
2
What is the thousands digit of 190532016?
2
What is the units digit of 116074512?
2
What is the millions digit of 255592430?
5
What is the hundreds digit of 3670788080?
0
What is the thousands digit of 99043115?
3
What is the ten thousands digit of 118821342?
2
What is the thousands digit of 276383315?
3
What is the hundreds digit of 27979400?
4
What is the units digit of 634253586?
6
What is the hundred thousands digit of 68155883?
1
What is the hundred thousands digit of 12947928?
9
What is the ten thousands digit of 73525940?
2
What is the tens digit of 11164755?
5
What is the tens digit of 68456129?
2
What is the hundreds digit of 121903675?
6
What is the hundreds digit of 2123818474?
4
What is the hundred millions digit of 3590502214?
5
What is the units digit of 255921088?
8
What is the units digit of 155989105?
5
What is the millions digit of 255533585?
5
What is the hundred millions digit of 586067863?
5
What is the hundreds digit of 698230779?
7
What is the thousands digit of 7845493?
5
What is the ten thousands digit of 774989632?
8
What is the millions digit of 2513265457?
3
What is the billions digit of 1961346185?
1
What is the hundreds digit of 471773?
7
What is the thousands digit of 2411861125?
1
What is the ten millions digit of 303381689?
0
What is the hundred millions digit of 750219263?
7
What is the millions digit of 25501233?
5
What is the millions digit of 1468632647?
8
What is the ten millions digit of 3560054652?
6
What is the thousands digit of 714968589?
8
What is the ten millions digit of 535867215?
3
What is the tens digit of 30141221?
2
What is the millions digit of 1496481?
1
What is the hundred thousands digit of 426421950?
4
What is the hundred thousands digit of 162264561?
2
What is the tens digit of 101943058?
5
What is the millions digit of 276894461?
6
What is the millions digit of 272570421?
2
What is the units digit of 86480859?
9
What is the units digit of 1362993353?
3
What is the hundreds digit of 228482920?
9
What is the billions digit of 2693161250?
2
What is the tens digit of 226054737?
3
What is the thousands digit of 2024029009?
9
What is the tens digit of 66653526?
2
What is the billions digit of 3272532047?
3
What is the thousands digit of 1912118922?
8
What is the thousands digit of 62431111?
1
What is the ten thousands digit of 2480012842?
1
What is the ten millions digit of 739926180?
3
What is the hundred thousands digit of 8679411?
6
What is the thousands digit of 29341016?
1
What is the millions digit of 7713251703?
3
What is the ten thousands digit of 78115284?
1
What is the tens digit of 1639231898?
9
What is the billions digit of 3258358487?
3
What is the hundred millions digit of 1270510290?
2
What is the hundred thousands digit of 1620657936?
6
What is the hundreds digit of 162683552?
5
What is the ten millions digit of 7517230702?
1
What is the ten thousands digit of 856569455?
6
What is the millions digit of 545963726?
5
What is the tens digit of 3476764944?
4
What is the tens digit of 15253123?
2
What is the hundred millions digit of 556153216?
5
What is the hundreds digit of 172060177?
1
What is the ten millions digit of 164542673?
6
What is the ten thousands digit of 26170079?
7
What is the tens digit of 206703316?
1
What is the units digit of 933125016?
6
What is the hundreds digit of 6507293366?
3
What is the tens digit of 380700562?
6
What is the ten thousands digit of 64303059?
0
What is the ten thousands digit of 51181750?
8
What is the millions digit of 105673726?
5
What is the hundreds digit of 5063643730?
7
What is the hundreds digit of 42312416?
4
What is the tens digit of 24139748?
4
What is the hundred thousands digit of 913232952?
2
What is the hundred thousands digit of 674894557?
8
What is the ten millions digit of 18228707?
1
What is the millions digit of 242560744?
2
What is the millions digit of 12370704?
2
What is the units digit of 479179362?
2
What is the tens digit of 2535311500?
0
What is the thousands digit of 24739335?
9
What is the billions digit of 6183241787?
6
What is the hundred thousands digit of 642480758?
4
What is the tens digit of 57153224?
2
What is the hundred thousands digit of 3447160163?
1
What is the ten thousands digit of 31412365?
1
What is the hundreds digit of 122274627?
6
What is the thousands digit of 322842576?
2
What is the tens digit of 57490826?
2
What is the tens digit of 197858552?
5
What is the ten millions digit of 304059046?
0
What is the hundreds digit of 1884473403?
4
What is the ten millions digit of 102706539?
0
What is the hundred thousands digit of 2574400849?
4
What is the ten millions digit of 501903226?
0
What is the hundred millions digit of 247020617?
2
What is the tens digit of 6353770?
7
What is the ten thousands digit of 16123548?
2
What is the units digit of 3444975607?
7
What is the thousands digit of 983349129?
9
What is the units digit of 3439538561?
1
What is the billions digit of 2593722207?
2
What is the ten millions digit of 31319182?
3
What is the thousands digit of 1165392904?
2
What is the ten millions digit of 10189461?
1
What is the hundreds digit of 226825769?
7
What is the millions digit of 4742429689?
2
What is the ten millions digit of 113104915?
1
What is the hundreds digit of 3784919885?
8
What is the hundred thousands digit of 8784933200?
9
What is the thousands digit of 4174202?
4
What is the hundreds digit of 216888831?
8
What is the ten millions digit of 383781888?
8
What is the tens digit of 783002581?
8
What is the billions digit of 1215784998?
1
What is the millions digit of 59076450?
9
What is the units digit of 147542182?
2
What is the hundred millions digit of 113029913?
1
What is the ten millions digit of 654012086?
5
What is the hundred thousands digit of 23767478?
7
What is the hundred millions digit of 1999619038?
9
What is the hundred millions digit of 290408570?
2
What is the millions digit of 35096845?
5
What is the hundred thousands digit of 82898897?
8
What is the ten thousands digit of 123153801?
5
What is the hundreds digit of 518428155?
1
What is the ten millions digit of 653707090?
5
What is the hundred thousands digit of 199870747?
8
What is the billions digit of 6029700864?
6
What is the units digit of 1075590340?
0
What is the ten thousands digit of 169612840?
1
What is the ten millions digit of 23914443?
2
What is the hundred millions digit of 505505868?
5
What is the millions digit of 90940407?
0
What is the millions digit of 41667788?
1
What is the ten thousands digit of 158598896?
9
What is the ten thousands digit of 6116379794?
7
What is the ten thousands digit of 104141558?
4
What is the millions digit of 1071967287?
1
What is the hundred millions digit of 211635126?
2
What is the hundreds digit of 1461725398?
3
What is the tens digit of 13667032?
3
What is the millions digit of 1853537695?
3
What is the tens digit of 429858121?
2
What is the hundred thousands digit of 17130729?
1
What is the ten thousands digit of 17789941?
8
What is the ten millions digit of 76634287?
7
What is the millions digit of 1654904649?
4
What is the ten millions digit of 64716297?
6
What is the millions digit of 122120268?
2
What is the hundred thousands digit of 28456267?
4
What is the hundreds digit of 68888568?
5
What is the thousands digit of 252010370?
0
What is the hundred thousands digit of 226141519?
1
What is the tens digit of 59642699?
9
What is the thousands digit of 6803160?
3
What is the tens digit of 789665104?
0
What is the hundred thousands digit of 86240362?
2
What is the thousands digit of 33217102?
7
What is the tens digit of 96762679?
7
What is the ten millions digit of 3729410375?
2
What is the units digit of 806850105?
5
What is the units digit of 4009600895?
5
What is the thousands digit of 5204522?
4
What is the thousands digit of 3262142078?
2
What is the ten thousands digit of 1098604650?
0
What is the ten millions digit of 54035675?
5
What is the hundred thousands digit of 238462800?
4
What is the tens digit of 37122607?
0
What is the hundreds digit of 38996554?
5
What is the millions digit of 125124302?
5
What is the hundred millions digit of 1050065891?
0
What is